
What is the thousands digit of 3074?
3
What is the thousands digit of 116974?
6
What is the units digit of 754?
4
What is the hundreds digit of 284?
2
What is the hundreds digit of 1132?
1
What is the thousands digit of 8817?
8
What is the units digit of 6654?
4
What is the thousands digit of 2886?
2
What is the thousands digit of 26350?
6
What is the tens digit of 904?
0
What is the hundreds digit of 6264?
2
What is the thousands digit of 2662?
2
What is the thousands digit of 2211?
2
What is the ten thousands digit of 43434?
4
What is the units digit of 7632?
2
What is the hundreds digit of 10744?
7
What is the hundreds digit of 56194?
1
What is the units digit of 23486?
6
What is the units digit of 625?
5
What is the thousands digit of 4171?
4
What is the units digit of 1163?
3
What is the hundreds digit of 35500?
5
What is the hundreds digit of 15433?
4
What is the thousands digit of 10335?
0
What is the tens digit of 36511?
1
What is the thousands digit of 25105?
5
What is the thousands digit of 6511?
6
What is the tens digit of 45172?
7
What is the units digit of 4510?
0
What is the hundreds digit of 49503?
5
What is the units digit of 1806?
6
What is the ten thousands digit of 14850?
1
What is the tens digit of 1232?
3
What is the tens digit of 37697?
9
What is the hundreds digit of 1084?
0
What is the hundreds digit of 153?
1
What is the hundreds digit of 5513?
5
What is the hundreds digit of 23029?
0
What is the hundreds digit of 51882?
8
What is the units digit of 2796?
6
What is the thousands digit of 2336?
2
What is the units digit of 15239?
9
What is the hundreds digit of 4176?
1
What is the hundreds digit of 2303?
3
What is the hundreds digit of 624?
6
What is the units digit of 329?
9
What is the units digit of 215?
5
What is the hundreds digit of 668?
6
What is the units digit of 37211?
1
What is the units digit of 17176?
6
What is the units digit of 30798?
8
What is the tens digit of 29053?
5
What is the hundreds digit of 44878?
8
What is the units digit of 243?
3
What is the tens digit of 360?
6
What is the units digit of 728?
8
What is the thousands digit of 115417?
5
What is the hundreds digit of 30212?
2
What is the tens digit of 877?
7
What is the thousands digit of 5253?
5
What is the units digit of 3192?
2
What is the ten thousands digit of 17869?
1
What is the tens digit of 12264?
6
What is the thousands digit of 16307?
6
What is the thousands digit of 3885?
3
What is the hundreds digit of 18124?
1
What is the units digit of 37268?
8
What is the thousands digit of 4554?
4
What is the tens digit of 26821?
2
What is the thousands digit of 17533?
7
What is the tens digit of 79524?
2
What is the tens digit of 24281?
8
What is the hundreds digit of 3939?
9
What is the thousands digit of 3921?
3
What is the hundreds digit of 8057?
0
What is the units digit of 3365?
5
What is the hundreds digit of 11112?
1
What is the units digit of 534?
4
What is the hundreds digit of 7903?
9
What is the hundreds digit of 58111?
1
What is the hundreds digit of 386?
3
What is the thousands digit of 3877?
3
What is the tens digit of 43998?
9
What is the hundreds digit of 50350?
3
What is the hundreds digit of 2605?
6
What is the hundreds digit of 13336?
3
What is the hundreds digit of 39098?
0
What is the thousands digit of 2705?
2
What is the units digit of 8509?
9
What is the tens digit of 50?
5
What is the units digit of 13081?
1
What is the ten thousands digit of 24496?
2
What is the hundreds digit of 4531?
5
What is the units digit of 1080?
0
What is the units digit of 5404?
4
What is the tens digit of 1215?
1
What is the ten thousands digit of 27814?
2
What is the thousands digit of 113532?
3
What is the tens digit of 1412?
1
What is the units digit of 1274?
4
What is the thousands digit of 5126?
5
What is the units digit of 51553?
3
What is the hundreds digit of 2482?
4
What is the units digit of 35601?
1
What is the units digit of 10975?
5
What is the thousands digit of 1936?
1
What is the tens digit of 240?
4
What is the thousands digit of 1260?
1
What is the hundreds digit of 677?
6
What is the tens digit of 987?
8
What is the units digit of 16333?
3
What is the thousands digit of 11573?
1
What is the thousands digit of 2003?
2
What is the units digit of 350?
0
What is the thousands digit of 2063?
2
What is the hundred thousands digit of 104239?
1
What is the units digit of 1720?
0
What is the thousands digit of 7801?
7
What is the thousands digit of 66465?
6
What is the tens digit of 16107?
0
What is the tens digit of 37937?
3
What is the hundreds digit of 49932?
9
What is the hundreds digit of 27519?
5
What is the hundreds digit of 11316?
3
What is the thousands digit of 1215?
1
What is the thousands digit of 122024?
2
What is the tens digit of 2823?
2
What is the ten thousands digit of 29705?
2
What is the thousands digit of 69778?
9
What is the tens digit of 14260?
6
What is the tens digit of 923?
2
What is the units digit of 971?
1
What is the units digit of 36179?
9
What is the units digit of 3521?
1
What is the units digit of 673?
3
What is the hundreds digit of 3802?
8
What is the tens digit of 9619?
1
What is the units digit of 7276?
6
What is the units digit of 12950?
0
What is the hundreds digit of 1964?
9
What is the hundreds digit of 5057?
0
What is the thousands digit of 6855?
6
What is the units digit of 1347?
7
What is the thousands digit of 126005?
6
What is the hundreds digit of 12218?
2
What is the hundreds digit of 1178?
1
What is the hundreds digit of 45524?
5
What is the thousands digit of 34712?
4
What is the thousands digit of 2022?
2
What is the tens digit of 4205?
0
What is the thousands digit of 2516?
2
What is the hundreds digit of 2620?
6
What is the thousands digit of 4697?
4
What is the tens digit of 53276?
7
What is the thousands digit of 18046?
8
What is the units digit of 8256?
6
What is the hundreds digit of 5154?
1
What is the thousands digit of 8217?
8
What is the hundreds digit of 40996?
9
What is the ten thousands digit of 28878?
2
What is the tens digit of 8864?
6
What is the hundreds digit of 1104?
1
What is the ten thousands digit of 108519?
0
What is the hundreds digit of 21897?
8
What is the ten thousands digit of 22653?
2
What is the hundreds digit of 478?
4
What is the units digit of 21979?
9
What is the tens digit of 107155?
5
What is the tens digit of 13954?
5
What is the hundreds digit of 1968?
9
What is the units digit of 131?
1
What is the units digit of 5680?
0
What is the hundred thousands digit of 117572?
1
What is the tens digit of 1411?
1
What is the units digit of 1889?
9
What is the units digit of 34950?
0
What is the units digit of 3156?
6
What is the units digit of 310?
0
What is the thousands digit of 11715?
1
What is the tens digit of 16608?
0
What is the units digit of 48023?
3
What is the units digit of 6192?
2
What is the ten thousands digit of 17335?
1
What is the ten thousands digit of 76693?
7
What is the units digit of 3526?
6
What is the tens digit of 16657?
5
What is the units digit of 5812?
2
What is the hundreds digit of 11723?
7
What is the tens digit of 5312?
1
What is the tens digit of 757?
5
What is the tens digit of 9392?
9
What is the ten thousands digit of 16121?
1
What is the thousands digit of 3562?
3
What is the units digit of 28697?
7
What is the tens digit of 1276?
7
What is the units digit of 331?
1
What is the units digit of 34589?
9
What is the thousands digit of 1675?
1
What is the thousands digit of 4464?
4
What is the hundreds digit of 1919?
9
What is the ten thousands digit of 18967?
1
What is the tens digit of 51116?
1
What is the ten thousands digit of 30900?
3
What is the tens digit of 4658?
5
What is the units digit of 1076?
6
What is the hundreds digit of 129159?
1
What is the hundreds digit of 46709?
7
What is the tens digit of 1629?
2
What is the tens digit of 1047?
4
What is the tens digit of 6962?
6
What is the units digit of 3434?
4
What is the thousands digit of 50585?
0
What is the tens digit of 6979?
7
What is the units digit of 12607?
7
What is the tens digit of 156554?
5
What is the units digit of 1883?
3
What is the tens digit of 6200?
0
What is the units digit of 338?
8
What is the tens digit of 41112?
1
What is the hund